{"version":"1.0","provider_name":"Teamsters Canada","provider_url":"https:\/\/teamsters.ca\/fr\/","title":"Journ\u00e9e des personnes d\u00e9c\u00e9d\u00e9es ou bless\u00e9es au travail","type":"rich","width":600,"height":338,"html":"<blockquote class=\"wp-embedded-content\" data-secret=\"y55Tas43zs\"><a href=\"https:\/\/teamsters.ca\/fr\/blog\/2019\/04\/28\/journee-des-personnes-decedees-ou-blessees-au-travail\/\">Journ\u00e9e des personnes d\u00e9c\u00e9d\u00e9es ou bless\u00e9es au travail<\/a><\/blockquote><iframe sandbox=\"allow-scripts\" security=\"restricted\" src=\"https:\/\/teamsters.ca\/fr\/blog\/2019\/04\/28\/journee-des-personnes-decedees-ou-blessees-au-travail\/embed\/#?secret=y55Tas43zs\" width=\"600\" height=\"338\" title=\"&laquo; Journ\u00e9e des personnes d\u00e9c\u00e9d\u00e9es ou bless\u00e9es au travail &raquo; &#8212; Teamsters Canada\" data-secret=\"y55Tas43zs\" frameborder=\"0\" marginwidth=\"0\" marginheight=\"0\" scrolling=\"no\" class=\"wp-embedded-content\"><\/iframe><script type=\"text\/javascript\">\n\/* <![CDATA[ *\/\n\/*! This file is auto-generated *\/\n!function(d,l){\"use strict\";l.querySelector&&d.addEventListener&&\"undefined\"!=typeof URL&&(d.wp=d.wp||{},d.wp.receiveEmbedMessage||(d.wp.receiveEmbedMessage=function(e){var t=e.data;if((t||t.secret||t.message||t.value)&&!\/[^a-zA-Z0-9]\/.test(t.secret)){for(var s,r,n,a=l.querySelectorAll('iframe[data-secret=\"'+t.secret+'\"]'),o=l.querySelectorAll('blockquote[data-secret=\"'+t.secret+'\"]'),c=new RegExp(\"^https?:$\",\"i\"),i=0;i<o.length;i++)o[i].style.display=\"none\";for(i=0;i<a.length;i++)s=a[i],e.source===s.contentWindow&&(s.removeAttribute(\"style\"),\"height\"===t.message?(1e3<(r=parseInt(t.value,10))?r=1e3:~~r<200&&(r=200),s.height=r):\"link\"===t.message&&(r=new URL(s.getAttribute(\"src\")),n=new URL(t.value),c.test(n.protocol))&&n.host===r.host&&l.activeElement===s&&(d.top.location.href=t.value))}},d.addEventListener(\"message\",d.wp.receiveEmbedMessage,!1),l.addEventListener(\"DOMContentLoaded\",function(){for(var e,t,s=l.querySelectorAll(\"iframe.wp-embedded-content\"),r=0;r<s.length;r++)(t=(e=s[r]).getAttribute(\"data-secret\"))||(t=Math.random().toString(36).substring(2,12),e.src+=\"#?secret=\"+t,e.setAttribute(\"data-secret\",t)),e.contentWindow.postMessage({message:\"ready\",secret:t},\"*\")},!1)))}(window,document);\n\/* ]]> *\/\n<\/script>\n","thumbnail_url":"https:\/\/teamsters.ca\/wp-content\/uploads\/2019\/04\/Facebook.png","thumbnail_width":1167,"thumbnail_height":768,"description":"Nous soulignons aujourd\u2019hui la Journ\u00e9e des personnes d\u00e9c\u00e9d\u00e9es ou bless\u00e9es au travail en souvenir de ceux qui sont morts, bless\u00e9s ou qui ont \u00e9t\u00e9 atteints d\u2019une maladie \u00e0 cause de leur travail. C&rsquo;est aussi une journ\u00e9e o\u00f9 l&rsquo;on demande aux gens de s&rsquo;engager \u00e0 am\u00e9liorer la sant\u00e9 et la s\u00e9curit\u00e9 et \u00e0 pr\u00e9venir les trag\u00e9dies [&hellip;]"}

Journée des personnes décédées ou blessées au travail

<blockquote class="wp-embedded-content" data-secret="y55Tas43zs"><a href="https://teamsters.ca/fr/blog/2019/04/28/journee-des-personnes-decedees-ou-blessees-au-travail/">Journée des personnes décédées ou blessées au travail</a></blockquote><iframe sandbox="allow-scripts" security="restricted" src="https://teamsters.ca/fr/blog/2019/04/28/journee-des-personnes-decedees-ou-blessees-au-travail/embed/#?secret=y55Tas43zs" width="600" height="338" title="&laquo; Journée des personnes décédées ou blessées au travail &raquo; &#8212; Teamsters Canada" data-secret="y55Tas43zs" frameborder="0" marginwidth="0" marginheight="0" scrolling="no" class="wp-embedded-content"></iframe><script type="text/javascript">
/* <![CDATA[ */
/*! This file is auto-generated */
!function(d,l){"use strict";l.querySelector&&d.addEventListener&&"undefined"!=typeof URL&&(d.wp=d.wp||{},d.wp.receiveEmbedMessage||(d.wp.receiveEmbedMessage=function(e){var t=e.data;if((t||t.secret||t.message||t.value)&&!/[^a-zA-Z0-9]/.test(t.secret)){for(var s,r,n,a=l.querySelectorAll('iframe[data-secret="'+t.secret+'"]'),o=l.querySelectorAll('blockquote[data-secret="'+t.secret+'"]'),c=new RegExp("^https?:$","i"),i=0;i<o.length;i++)o[i].style.display="none";for(i=0;i<a.length;i++)s=a[i],e.source===s.contentWindow&&(s.removeAttribute("style"),"height"===t.message?(1e3<(r=parseInt(t.value,10))?r=1e3:~~r<200&&(r=200),s.height=r):"link"===t.message&&(r=new URL(s.getAttribute("src")),n=new URL(t.value),c.test(n.protocol))&&n.host===r.host&&l.activeElement===s&&(d.top.location.href=t.value))}},d.addEventListener("message",d.wp.receiveEmbedMessage,!1),l.addEventListener("DOMContentLoaded",function(){for(var e,t,s=l.querySelectorAll("iframe.wp-embedded-content"),r=0;r<s.length;r++)(t=(e=s[r]).getAttribute("data-secret"))||(t=Math.random().toString(36).substring(2,12),e.src+="#?secret="+t,e.setAttribute("data-secret",t)),e.contentWindow.postMessage({message:"ready",secret:t},"*")},!1)))}(window,document);
/* ]]> */
</script>

Nous soulignons aujourd’hui la Journée des personnes décédées ou blessées au travail en souvenir de ceux qui sont morts, blessés ou qui ont été atteints d’une maladie à cause de leur travail. C&rsquo;est aussi une journée où l&rsquo;on demande aux gens de s&rsquo;engager à améliorer la santé et la sécurité et à prévenir les tragédies [&hellip;]
